factors of 1308651?
3, 436217
List the prime factors of 124810.
2, 5, 7, 1783
List the prime factors of 33764252.
2, 73, 115631
List the prime factors of 6771218.
2, 3385609
What are the prime factors of 2056040?
2, 5, 7, 1049
What are the prime factors of 4301775?
3, 5, 6373
List the prime factors of 71634.
2, 3, 11939
List the prime factors of 22471091.
19, 1182689
List the prime factors of 173270.
2, 5, 17327
What are the prime factors of 1460073?
3, 59, 73, 113
List the prime factors of 2030685.
3, 5, 331, 409
List the prime factors of 3890125.
5, 31121
List the prime factors of 337269.
3, 19, 61, 97
List the prime factors of 3433563.
3, 7, 37, 491
List the prime factors of 6457595.
5, 23, 233, 241
List the prime factors of 3245980.
2, 5, 17, 9547
What are the prime factors of 512294?
2, 256147
What are the prime factors of 265660?
2, 5, 37, 359
What are the prime factors of 7828385?
5, 97, 16141
What are the prime factors of 82438?
2, 47, 877
What are the prime factors of 822599?
822599
What are the prime factors of 14414?
2, 7207
List the prime factors of 6980367.
3, 2326789
What are the prime factors of 3960878?
2, 29, 47, 1453
List the prime factors of 6602530.
2, 5, 11, 193, 311
What are the prime factors of 316247?
521, 607
What are the prime factors of 77871?
3, 101, 257
What are the prime factors of 506619?
3, 181, 311
What are the prime factors of 10261518?
2, 3, 1710253
List the prime factors of 1256465.
5, 7, 35899
List the prime factors of 1048296.
2, 3, 31, 1409
What are the prime factors of 68651?
11, 79
List the prime factors of 14701003.
19, 193, 211
What are the prime factors of 2727306?
2, 3, 151517
What are the prime factors of 9098192?
2, 53, 10729
List the prime factors of 267404.
2, 66851
List the prime factors of 318153.
3, 11, 31, 311
List the prime factors of 3997881.
3, 444209
What are the prime factors of 1529982?
2, 3, 29, 977
List the prime factors of 8302748.
2, 109, 137, 139
List the prime factors of 56677.
19, 157
List the prime factors of 372932.
2, 7, 19, 701
What are the prime factors of 2255031?
3, 71, 3529
List the prime factors of 96096.
2, 3, 7, 11, 13
What are the prime factors of 34629836?
2, 103, 84053
What are the prime factors of 4609325?
5, 7, 26339
List the prime factors of 869131.
869131
What are the prime factors of 21203?
7, 13, 233
What are the prime factors of 68505?
3, 5, 4567
List the prime factors of 3303692.
2, 7, 117989
What are the prime factors of 720569?
720569
What are the prime factors of 30581?
53, 577
What are the prime factors of 739714?
2, 577, 641
What are the prime factors of 9380824?
2, 47, 61, 409
List the prime factors of 15856192.
2, 11, 101, 223
List the prime factors of 4060958.
2, 11, 197, 937
What are the prime factors of 7225193?
7225193
List the prime factors of 161450.
2, 5, 3229
List the prime factors of 27343.
37, 739
What are the prime factors of 5406148?
2, 11, 122867
What are the prime factors of 1929256?
2, 7, 47, 733
What are the prime factors of 2691564?
2, 3, 61, 3677
List the prime factors of 157645.
5, 41, 769
What are the prime factors of 19496945?
5, 13, 19, 15787
What are the prime factors of 1212475?
5, 11, 4409
List the prime factors of 1166485.
5, 233297
List the prime factors of 18806837.
7, 383813
List the prime factors of 785026.
2, 11, 17, 2099
List the prime factors of 25353110.
2, 5, 1201, 2111
What are the prime factors of 9090211?
13, 673, 1039
What are the prime factors of 4636710?
2, 3, 5, 13, 1321
List the prime factors of 259490.
2, 5, 7, 11, 337
List the prime factors of 5226308.
2, 107, 12211
What are the prime factors of 6683794?
2, 13, 257069
List the prime factors of 2889638.
2, 1444819
What are the prime factors of 745749?
3, 41, 43, 47
List the prime factors of 134411.
257, 523
List the prime factors of 1746107.
11, 181, 877
What are the prime factors of 282956?
2, 127, 557
List the prime factors of 1430698.
2, 149, 4801
What are the prime factors of 425882?
2, 73, 2917
List the prime factors of 761069.
761069
List the prime factors of 22332357.
3, 103, 24091
List the prime factors of 16261582.
2, 8130791
List the prime factors of 1177209.
3, 11, 23, 47
What are the prime factors of 2293540?
2, 5, 41, 2797
What are the prime factors of 178925?
5, 17, 421
What are the prime factors of 864038?
2, 7, 61717
List the prime factors of 10099439.
7, 79, 2609
List the prime factors of 353205.
3, 5, 47, 167
What are the prime factors of 3547894?
2, 7, 41, 883
List the prime factors of 22826174.
2, 7, 1630441
What are the prime factors of 5510920?
2, 5, 311, 443
What are the prime factors of 200496?
2, 3, 4177
What are the prime factors of 8683888?
2, 409, 1327
List the prime factors of 16587531.
3, 23, 26711
What are the prime factors of 585352?
2, 19, 3851
What are the prime factors of 507360?
2, 3, 5, 7, 151
What are the prime factors of 448855?
5, 11, 8161
What are the prime factors of 2545978?
2, 1272989
List the prime factors of 5488798.
2, 7, 31, 12647
What are the prime factors of 12932902?
2, 149, 43399
What are the prime factors of 13936712?
2, 23, 75743
What are the prime factors of 18898555?
5, 13, 167, 1741
What are the prime factors of 174851?
174851
List the prime factors of 436262.
2, 218131
What are the prime factors of 3360254?
2, 17, 23, 4297
What are the prime factors of 569715?
3, 5, 19, 1999
List the prime factors of 57831.
3, 37, 521
What are the prime factors of 4309053?
3, 7, 449, 457
List the prime factors of 12369691.
71, 174221
List the prime factors of 473976.
2, 3, 29, 227
List the prime factors of 202324.
2, 50581
List the prime factors of 1858653.
3, 23, 41, 73
What are the prime factors of 243061?
7, 13, 2671
List the prime factors of 32801464.
2, 661, 6203
List the prime factors of 6560354.
2, 47, 101, 691
What are the prime factors of 24821557?
67, 370471
What are the prime factors of 4412544?
2, 3, 11491
What are the prime factors of 285559?
285559
What are the prime factors of 3649324?
2, 7, 43, 433
List the prime factors of 119486.
2, 59743
List the prime factors of 462343.
7, 257
What are the prime factors of 1788991?
1788991
What are the prime factors of 216978?
2, 3, 29, 43
List the prime factors of 4690.
2, 5, 7, 67
List the prime factors of 1470754.
2, 281, 2617
List the prime factors of 8429735.
5, 569, 2963
What are the prime factors of 1214382?
2, 3, 13, 15569
List the prime factors of 26214745.
5, 5242949
List the prime factors of 5294967.
3, 71, 24859
What are the prime factors of 10225120?
2, 5, 63907
List the prime factors of 12229554.
2, 3, 2038259
List the prime factors of 1271116.
2, 7, 11, 4127
List the prime factors of 294426.
2, 3, 11, 1487
What are the prime factors of 8442719?
1483, 5693
List the prime factors of 177567.
3, 13, 29, 157
List the prime factors of 18283384.
2, 7, 163, 2003
List the prime factors of 5706819.
3, 634091
What are the prime factors of 2496988?
2, 13, 31, 1549
What are the prime factors of 10266527?
10266527
List the prime factors of 28287051.
3, 13, 55793
What are the prime factors of 2156553?
3, 7, 34231
What are the prime factors of 889975?
5, 97, 367
What are the prime factors of 839689?
179, 4691
List the prime factors of 1053567.
3, 13007
List the prime factors of 25912056.
2, 3, 1079669
What are the prime factors of 17374?
2, 7, 17, 73
List the prime factors of 140581.
7, 19, 151
List the prime factors of 596562.
2, 3, 19, 5233
List the prime factors of 16108180.
2, 5, 11, 17, 59, 73
List the prime factors of 5306396.
2, 19, 69821
List the prime factors of 771588.
2, 3, 21433
What are the prime factors of 1194937?
73, 16369
What are the prime factors of 2424702?
2, 3, 7, 57731
What are the prime factors of 366604?
2, 7, 13093
List the prime factors of 51380.
2, 5, 7, 367
What are the prime factors of 235198?
2, 23, 5113
List the prime factors of 174939.
3, 58313
What are the prime factors of 38218?
2, 97, 197
List the prime factors of 24332906.
2, 13, 283, 3307
What are the prime factors of 312850?
2, 5, 6257
What are the prime factors of 20947116?
2, 3, 1745593
List the prime factors of 2172642.
2, 3, 362107
What are the prime factors of 3453609?
3, 1151203
What are the prime factors of 212057?
212057
What are the prime factors of 6179324?
2, 1